
12
What is -25 + (2 - -16) + -1 + (2 - -1)?
-5
Evaluate (35 - (7 - -5)) + -10 + 1.
14
-49 + 30 + 25 - -22
28
What is 29 - ((20 - -26) + 1)?
-18
What is the value of 28 + (-36 - 18) - -13?
-13
Evaluate (-1 - -10 - (117 - 100)) + -6.
-14
Calculate 3 - 0 - (-1 + -5 + -31 + 9).
31
Evaluate -34 - -87 - 58 - (3 + 1) - -25.
16
What is the value of 12 - 19 - -5 - (-3 - (0 - 22))?
-21
52 + -44 + (2 - -5)
15
-284 + 262 + (-1 - -2)
-21
Evaluate (-45 - 13 - -25 - (0 + -10)) + 6.
-17
What is (2 + -1 - (-17 - -20)) + 5 + -3?
0
What is the value of (-10 - (-6 - 14)) + -4 + 10?
16
(-50 - (-15 - 4)) + 17
-14
Evaluate 179 + -187 + (-5 + (4 - 1) - -29).
19
What is -1 - (1 - 14) - (-5481 - -5477)?
16
What is -9 + 7 + -10 - (-6 + 3 + 5)?
-14
What is the value of ((5 - -1) + 8 - 2) + 28 + -19?
21
What is -6 - (22 + (-29 - -6))?
-5
Evaluate -6 + (4 - (-5 + 7)) + -8.
-12
What is 1 - -13 - (12 + 14 - 15) - -7?
10
Calculate -404 + 406 + (-12 + -2 - -2).
-10
Evaluate 50 - 46 - (-23 - -9).
18
Calculate (-12 - (-7 + 7)) + (9 - 10).
-13
Evaluate (7 - -9) + -8 + (2 - 4).
6
10 + (-13 - 9) + 7 + 11
6
What is the value of (-1 + -5 - -2) + (40 - 21 - 25)?
-10
Calculate (-4 - -2) + 5 + 2 - (-130 + 124).
11
What is the value of -19 - (-10 + (-3 - -5 - 3))?
-8
What is the value of -30 - -25 - (4 + 1 - 2)?
-8
1 + -3 - (-40 - -33)
5
Calculate 25 - (2 + (30 - 7)).
0
Evaluate 104 + -93 - (2 + 0 + 12).
-3
What is (38 + -48 - (-18 + 3)) + (0 - 15)?
-10
What is the value of -35 - -2 - (2 - 4)?
-31
What is the value of 9 - 0 - (0 - -16 - (-68 - -58))?
-17
Evaluate -62 - (14 - 60) - -11.
-5
What is the value of (2 - 9) + 13 + -5 + 3?
4
(7 - (15 - 9) - 8) + 24
17
What is -2 + -6 + 15 + (0 - -4) + -14?
-3
What is the value of -1 + 8 - (27 + -12 + -7)?
-1
Calculate (13 - (-14 - -25)) + (2 + -2 - -14).
16
What is -9 + (-5 - -15) + -16 + 12?
-3
Evaluate 10 + (-8 + 22 - 24).
0
Evaluate 19 - 1 - (34 + -13).
-3
Calculate (22 - 1) + -22 + (-7 - -2).
-6
Evaluate 38 + 3 - 8 - (-1 + (-4 - -15)).
23
What is -81 + 22 + 40 - ((0 - 2) + -2)?
-15
What is 25 + 2 + -555 + 496?
-32
What is 10 - (30 - (7 + 8 + -5))?
-10
Evaluate (-49 - -76) + 0 + 5.
32
Evaluate 32 + (-12 - -12 - -19) + -15.
36
What is the value of -23 + 8 - -4 - -9?
-2
Evaluate -10 + (-2 - 0 - -8 - -12).
8
What is -25 - -22 - (-6 - -8 - (1 - -14))?
10
Calculate 4 - ((0 - 0 - 0) + 11).
-7
What is the value of 22 + (-9 + 4 - (-8 + 6))?
19
0 - -9 - (9 - 5) - (204 + -180)
-19
Calculate -21 + 4 + 9 + 1 + -2 + -6.
-15
Evaluate -2 - 6 - (-10 + (1 - -5)) - -30.
26
10 - (-3 - (31 + -17 + -12))
15
Calculate (1 - -5) + (6 - 3) + (-15 - 6).
-12
(2 - (-7 + -6)) + (-5 - 1) + 0
9
What is (2 + 8 - 10) + 7 - (3 + 36)?
-32
Evaluate -6 + 2 + -2 - (-26 + 14).
6
What is the value of 24 + 1 - (896 + -857)?
-14
Calculate -14 + 11 + -1 + 11.
7
What is -10 + 7 + (4 - (8 - 1)) - 8?
-14
Calculate -14 + 6 + 15 - 9 - (-4 + 2).
0
What is the value of -6 - (-10 - (0 - 33))?
-29
-25 + 63 + (-6 - (-3 + (4 - 2)))
33
Evaluate -15 + (-19 - -8) + 6 + 4.
-16
Calculate -2 - -36 - (-40 + (4 - -57)).
13
(19 + -39 - (28 - 48)) + 6 + 0
6
What is the value of 23 + 5 + 11 + -21?
18
Calculate 0 + (5 - (18 - 11)).
-2
What is (-3 - (-28 - -14 - 0)) + -2?
9
-181 + 170 + (1 - -15)
5
What is the value of 6 - ((6 - ((10 - 13) + 11)) + 6)?
2
Calculate -6 + (-9 - -20) - 12.
-7
19 + (-17 - 6) + 4
0
(0 - 8) + 2 + 5 + 4 + 20
23
Calculate -13 - -16 - ((-4 - -2) + 5 - 5).
5
Evaluate 31 + (-8 - 33) - -5.
-5
Calculate -271 + 228 + 3 + -2 + (2 - -7).
-33
Calculate (-23 - -9) + (58 - 40).
4
What is the value of -5 + 3 + (2 + 1 - 0)?
1
6 - -2 - (11 + -1 + -3)
1
Evaluate -9 + (11 - 21 - -53) + -16.
18
-39 + -11 + 48 + (1 - 4 - -2)
-3
Calculate -2 - (-14 + 8) - 2.
2
Calculate -6 + 15 + (-9 - 2) + 2.
0
4 + (-20 - 0 - (45 + -14 - 31))
-16
Evaluate -10 + (-92 - -83) + (9 - -1).
-9
Calculate (-2 - (0 + -28)) + -7 + (-16 - -27).
30
What is (81 - 89) + (0 - -1) + 1 + 2?
-4
What is (-1 - -22) + (-208 - -188)?
1
What is the value of 39 - (-9 + 14) - 2?
32
Evaluate 7 + (-4 - -1 - 16).
-12
-15 - (-1 + -10 + 2 + 10 + -3)
-13
Calculate -4 + -5 + (10 - -6 - 6).
1
Evaluate (268 - 260) + 2 + 0.
10
What is the value of -73 - (-12 + (-19 - 5))?
-37
What is -14 + 4 + (8 - -4)?
2
-174 + 170 - (-1 - -10)
-13
What is the value of (3 - 11) + 3 + (13 - -2)?
10
What is -163 - -166 - (0 + 1 + -3 - -2)?
3
What is the value of -23 + 1 + (-14 - (-12 - -10)) + 16?
-18
What is the value of -10 + (-15 + 12 - -17)?
4
What is 6 - (12 + 2 + -5) - -4?
1
109 + -107 - (-2 + -9)
13
What is (9 - 10 - -1) + -22 - -12?
-10
What is the value of -31 + (13 - -3) + (48 - 62)?
-29
Calculate (-1 - ((-9 - -1) + 14)) + 0 + -1.
-8
-4 + 3 + 0 - (7 + 8 + -13)
-3
Evaluate 12 - (18 - (-13 - (-19 - -3))).
-3
What is the value of (1 - 12) + (181 - 153) + (5 - -1)?
23
17 + -8 + 0 + -4 + -6
-1
What is (97 - (73 - -39)) + -12 + 0?
-27
What is 2 - (6 - 0) - (-1 - (10 + -10))?
-3
19 + -14 + 2 + -8 - (-30 + 12)
17
What is the value of -5 - (-5 + 19 + -12 + -10)?
3
Evaluate 15 - (6 + (9 - 2)).
2
What is -20 - (18 + -17 - 18)?
-3
(-28 - -50) + -40 - (-8 + 1)
-11
Evaluate 8 + (-6 - 10) - -14 - (-5 - 0).
11
Evaluate -13 + -8 + (5 - 9) + 13.
-12
Calculate 13 - (-1 - -30) - -11.
-5
What is -21 - (5 + 11 + (1 - 9) + -10)?
-19
What is the value of 13 - (3 + (42 - 16))?
-16
Calculate 17 - (-6 - 1) - 16.
8
Calculate 28 + (-18 + 0 - (-63 - -50)).
23
Evaluate -4 - 1 - (0 - -8).
-13
What is -9 + (13 - 13) - (28 + -45)?
8
What is (28 - (-14 - -26)) + -17?
-1
(0 - -14 - (-7 + 9)) + (-40 - -36)
8
Calculate 13 + 5 - 24 - -20.
14
Calculate 4 - ((-7 - (20 - 8)) + 11 + -4).
16
Calculate 22 - (36 - (25 - 13)).
-2
What is the value of 347 + -351 - (-2 + 4 - 7)?
1
-1 + 1 + 6 - (14 - 25 - -23)
-6
Calculate -8 + -2 + 13 - (-10 - -23).
-10
What is the value of 11 + -30 + (1 - -23)?
5
7 + (-1 - 8) + 4 + -13
-11
0 - (12 - (2 + 3 + (3 - 1)))
-5
8 + (-7 - -16) + -12 + 12
17
Calculate 11 + (4 + (-11 - -3) - (14 - 11)).
4
What is the value of 2 + (-7 - (10 - 13)) + 5?
3
What is -16 + 21 - 3 - ((4 - -26) + 0)?
-28
What is the value of -35 + 30 - -22 - 21?
-4
Evaluate -25 + -36 + 67 + -7.
-1
What is the value of 23 + (11 - 10 - ((8 - 11) + -1))?
28
-1 - -3 - (1 - -1)
0
Evaluate (8 - 6 - 3 - -2) + 3 + 2.
6
Calculate -1 + 1 - 11 - (5 - (21 + -7)).
-2
(3 - (-6 - (2 + -1))) + -16
-6
Calculate (-12 - 4) + 6 + 10.
0
What is the value of (214 - 192) + 2 + -13?
11
What is (18 - 1) + (-15 - -5) + 7?
14
(90 - 100) + 0 + 12
2
Evaluate -9 - (17 - 16 - (11 + -3)).
-2
(0 - 4) + (-274 - -275)
-3
What is 1 - (6 - ((1 - 7) + 5)) - -3?
-3
Evaluate 0 + -2 + -2 - (67 + -70).
-1
What is the value of -4 + -5 + (-29 - -42) - -12?
16
Calculate 2524 + -2496 + -1 + (1 + -2 - 6).
20
(-9 - -10) + -2 + 3 - -2 - 3
1
What is 22 + -17 + -2 + 10?
13
-22 - ((14 - 9) + -26)
-1
Calculate (-15 - -1) + (-11 + 18 - 16 - -10).
-13
Evaluate 24 + (7 - (17 - -12)).
2
Evaluate 8 + (9 - 17) - 6.
-6
12 + (-3 - 8) + 6
7
What is -35 + (5 - 0) + 7 + 4 + -15?
-34
Calculate -11 + (14 - (-11 - -42)) + 1 + 7.
-20
What is 2 + 4 + 0 + (-23 - -21)?
4
What is the value of (7 - 0 - (-113 + 108)) + -3?
9
What is the value of -19 + -51 + 35 - -21?
-14
What is -21 - (-49 + 15 + 4)?
9
Evaluate -15 + (35 - 28) - 12.
-20
Evaluate 4 + -10 - (0 + -2 - 12).
8
Evaluate -24 + 44 - 29 - -14.
5
What is the value of (37 - 18) + -17 + 4 + -3 - 32?
-29
Evaluate -18 + 18 - (-6 + 4 - (4 + 0)).
6
Calculate 5 + 0 + (-10 - -6 - 5).
-4
Evaluate 34 + -32 - (17 - -1) - -44.
28
Calculate -8 + (7 - (23 - 1)).
-23
-4 - ((-53 - -46) + (-1 - -1)) - 0
3
Evaluate (38 - 1) + (523 - 547).
13
What is 9 + 6 + -7 + 5 + -10 - 7?
-4
Calculate -5 - (-31 + 27 + -21).
20
What is (6 + (-6 - -5) - 0) + -8 + -3?
-6
(-11 + 6 - -5) + -14
-14
Calculate (6 - 2) + -9 - -8 - 13.
-10
Evaluate 0 - 23 - (7 - (20 + -13 + 9)).
-14
-18 + (6 - -5) + 27 + (5 - 10)
15
13 - (4 + 0) - (59 + -35 + 2)
-17
What is 12 - ((-6 - 7) + -39 + 56)?
8
Calculate (10 - 9) + (-93 - -77).
-15
-21 + (5 - -35) - 16
3
(-19 + -22 - -8) + 20
-13
-3 + 0 + 4 + (-9 - -24) + -16
0
-26 - -29 - (-3 - (0 - 25))
-19
41 + -35 - (-1 + 12) - (-5 - 1)
1
What is the value of (-12 - (0 - (3 + 2))) + 2 - 10?
-15
Evaluate (-3 + -4 + 14 + -12 - -6) + -11.
-10
What is the value of (34 - 29) + (-15 - (-6 - -3)) + -1?
-8
Evaluate -55 + 14 + 4 - -21.
-1